) = 18*v - 184. Determine t(6).
-76
Let n(r) = 2189*r - 26286. Calculate n(12).
-18
Let i(o) = 202*o + 961. Give i(-5).
-49
Let b(w) = -71*w + 3812. What is b(54)?
-22
Let v(a) = -2*a**3 + 49*a**2 + 28*a + 54. Calculate v(25).
129
Let a(g) = 8*g**2 - 193*g + 69. What is a(24)?
45
Let l(y) = -394*y - 5127. Determine l(-13).
-5
Let i(c) = -273*c - 1948. What is i(-7)?
-37
Let z(s) = 7*s - 67. Determine z(10).
3
Let p(s) = -4*s**2 - 493*s - 4953. Calculate p(-11).
-14
Let f(w) = -64*w**2 + 171*w + 70. Give f(3).
7
Let t(c) = -3*c**3 + 34*c**2 + 19*c - 23. What is t(12)?
-83
Let u(c) = -13*c - 338. What is u(-10)?
-208
Let x(s) = 14*s - 516. Calculate x(36).
-12
Let u(l) = -2*l**3 + 33*l**2 - 6*l + 104. What is u(18)?
-976
Let w(y) = y**2 + 4*y + 10. Give w(-2).
6
Let j(h) = -h**2 - 12*h + 10568. Give j(-109).
-5
Let b(i) = 46*i**2 + 271*i - 19. Give b(-6).
11
Let p(i) = i**3 + 25*i**2 - 79*i + 140. Give p(-28).
0
Let y(a) = -13*a + 134. What is y(9)?
17
Let w(x) = -x**3 - 8*x**2 - 24*x + 6. Calculate w(-6).
78
Let x(a) = 5*a**3 + 241*a**2 - 716*a - 106. What is x(-51)?
-4
Let j(l) = 37*l - 448. Give j(21).
329
Let v(w) = -2*w**2 - 254*w - 3378. Calculate v(-111).
174
Let l(z) = 1218*z + 4867. Determine l(-4).
-5
Let m(b) = -b + 152. Calculate m(18).
134
Let c(a) = -3*a**2 - 222*a + 685. Give c(3).
-8
Let n(g) = -g**3 + 126*g**2 + 251*g + 634. Calculate n(128).
-6
Let s(b) = 10*b - 160. What is s(21)?
50
Let x(w) = w**2 - 71*w + 1133. What is x(47)?
5
Let n(r) = r**2 - 109*r - 1601. Give n(-13).
-15
Let s(c) = 47*c - 812. What is s(17)?
-13
Let f(n) = -n**3 + 25*n**2 - 2*n + 74. Give f(25).
24
Let s(i) = -i**3 + 177*i**2 + 172*i + 1082. Give s(178).
14
Let z(i) = -5*i**2 + 47*i + 358. Calculate z(-5).
-2
Let w(h) = -2*h**3 + 35*h**2 + 20*h - 23. What is w(18)?
13
Let s(q) = -q**3 - 39*q**2 + 46*q - 147. What is s(-40)?
-387
Let a(t) = -71*t + 951. Give a(13).
28
Let f(w) = -w**3 - 22*w**2 + 23*w + 908. Determine f(-21).
-16
Let d(y) = 15*y**2 - 169*y + 12. What is d(12)?
144
Let p(a) = -a**3 + 10*a**2 - 387*a + 2177. Give p(6).
-1
Let a(o) = -3*o**2 + 43*o + 61. Give a(19).
-205
Let f(w) = -34*w**3 + w**2 + 11*w - 14. Determine f(2).
-260
Let r(f) = -f**3 - 118*f**2 + 270*f + 3620. Give r(-120).
20
Let j(k) = 867*k**2 + 34*k. Determine j(1).
901
Let x(l) = 18*l**2 + 100*l + 167. Give x(-3).
29
Let s(t) = -28*t**2 - 1084*t + 323. What is s(-39)?
11
Let n(a) = a**2 + 117*a + 734. Calculate n(-7).
-36
Let c(f) = -f**3 - 9*f**2 - f - 8. What is c(0)?
-8
Let u(c) = -151*c + 3623. Give u(24).
-1
Let o(f) = -11*f**2 - 656*f - 8642. What is o(-40)?
-2
Let b(a) = 511*a**2 - 6129*a - 37. Calculate b(12).
-1
Let l(i) = -3*i**3 - 13*i**2 - 15*i - 37. Determine l(-4).
7
Let m(w) = -w**3 + 11*w**2 - 10*w - 14. What is m(9)?
58
Let v(p) = -269*p + 10765. Calculate v(40).
5
Let n(p) = p**2 + 36*p - 2747. Calculate n(-74).
65
Let r(v) = -v**2 - 12*v + 357. Give r(-28).
-91
Let z(g) = -222*g + 7065. What is z(32)?
-39
Let u(b) = 7*b - 265. Calculate u(44).
43
Let m(j) = -j**3 + 10*j**2 - 93*j + 507. Determine m(7).
3
Let n(s) = -4*s**2 + 41*s - 56. Determine n(16).
-424
Let u(c) = 3*c + 941. Determine u(-7).
920
Let c(w) = 4*w - 206. Determine c(-16).
-270
Let c(j) = 6*j - 97. Determine c(-13).
-175
Let h(n) = -n**3 - 18*n**2 + 429*n - 598. Give h(-32).
10
Let k(j) = -8*j - 152. Give k(11).
-240
Let q(g) = 3*g**3 - 39*g**2 - 89*g - 25. What is q(15)?
-10
Let c(l) = l**3 - 7*l**2 + 12*l + 5. Give c(4).
5
Let w(i) = 389*i - 6224. Determine w(16).
0
Let r(l) = -76*l - 4270. Determine r(-56).
-14
Let j(g) = -35*g - 308. Calculate j(-9).
7
Let i(q) = -4*q + 19. Determine i(-6).
43
Let k(c) = c**3 - 91*c**2 + 357*c - 809. Determine k(87).
-26
Let g(m) = -m**3 + 29*m**2 + 98*m - 3564. Calculate g(28).
-36
Let y(p) = -4*p**3 + 5*p**2 + 6*p - 2. Determine y(-2).
38
Let t(m) = -162*m**2 - 17008*m + 203. Give t(-105).
-7
Let r(n) = 86*n - 656. Give r(8).
32
Let d(l) = l**2 - 5*l - 28. What is d(-12)?
176
Let k(r) = -r**3 - 24*r**2 + 218*r + 42. Determine k(-31).
11
Let j(o) = -o**3 - 112*o**2 - 3101*o - 49. Determine j(-50).
1
Let z(y) = -88*y + 94. Calculate z(4).
-258
Let n(x) = 85*x + 862. Calculate n(-10).
12
Let x(c) = -2*c**3 - 154*c**2 + 6*c + 456. Calculate x(-77).
-6
Let u(t) = t**3 + 9*t**2 + 194*t + 2042. Calculate u(-10).
2
Let u(w) = 3*w**2 - 5*w + 4. Calculate u(-2).
26
Let s(c) = -c**3 - 51*c**2 - 233*c + 1. Determine s(-46).
139
Let u(j) = -6*j**3 - 14*j**2 - 3*j + 12. Calculate u(-2).
10
Let r(t) = t**3 + 52*t**2 + 238*t + 20. Give r(-5).
5
Let f(t) = 283*t**2 + 842*t + 2. What is f(-3)?
23
Let u(o) = -27*o**2 - 12*o + 5. Give u(3).
-274
Let p(g) = 5*g**2 - 48*g - 466. Calculate p(-8).
238
Let o(n) = 878*n + 7064. What is o(-8)?
40
Let u(c) = 2*c**3 + 55*c**2 + 12*c - 97. Give u(-27).
308
Let h(y) = -y**2 - 39*y - 384. Give h(-20).
-4
Let g(m) = -2*m**2 + 95*m - 23. Determine g(48).
-71
Let y(r) = -2*r**2 - 84*r + 570. Give y(6).
-6
Let v(n) = -2*n**2 + 6*n + 93. Determine v(-10).
-167
Let w(q) = -q**3 + 170*q**2 - 356*q + 3349. Calculate w(168).
-11
Let z(j) = -j**3 - 34*j**2 + 67*j - 127. Give z(-36).
53
Let q(g) = -g**2 + 6*g + 56. Calculate q(-4).
16
Let o(v) = -2*v**2 + 23*v - 21. Determine o(5).
44
Let c(z) = 18*z - 13. What is c(-38)?
-697
Let n(t) = -t**3 - 5*t**2 - 16*t - 4. Give n(-5).
76
Let c(d) = -4*d**2 + 29*d + 210. Give c(-8).
-278
Let l(i) = -3*i**2 - 188*i - 681. Give l(-59).
-32
Let q(t) = t**3 + 14*t**2 + 27*t - 38. What is q(-11)?
28
Let y(g) = g**3 - 28*g**2 - 61*g + 28. Calculate y(30).
-2
Let r(n) = n**3 - 29*n + 9. Give r(5).
-11
Let m(x) = 15*x + 89. Give m(-7).
-16
Let c(a) = a**3 - 3*a**2 + 9*a - 25. What is c(2)?
-11
Let o(l) = 4*l**2 + 1035*l - 11805. Calculate o(11).
64
Let k(u) = 149*u + 872. Give k(-6).
-22
Let p(c) = -37*c + 3180. Calculate p(70).
590
Let i(l) = -3*l + 154. What is i(-4)?
166
Let k(m) = 1060*m - 11639. Calculate k(11).
21
Let x(h) = -2*h**2 + 68*h - 422. Calculate x(26).
-6
Let f(d) = -2*d**3 - 46*d**2 + 49*d - 5. What is f(-24)?
-29
Let i(d) = -330*d - 455. What is i(-2)?
205
Let h(n) = n**3 + 40*n**2 + 4*n + 145. Calculate h(-40).
-15
Let x(j) = 11*j**2 + 975*j - 373. Determine x(-89).
-17
Let r(x) = x**3 - 9*x**2 - 21*x + 251. Determine r(8).
19
Let h(q) = 11*q - 297. Calculate h(25).
-22
Let v(s) = s**3 - 13*s**2 + 11*s + 13. Calculate v(12).
1
Let a(i) = -i**2 + 65*i + 11. Give a(60).
311
Let l(v) = 100409*v + 502048. What is l(-5)?
3
Let h(r) = -11*r - 87. What is h(-12)?
45
Let s(f) = -f**3 + 13*f**2 - 34*f - 59. What is s(7)?
-3
Let j(x) = 26*x**2 + 962*x - 1. Calculate j(-37).
-1
Let w(d) = -3*d**3 - 14*d**2 + 28*d - 158. Calculate w(-7).
-11
Let v(p) = -p**3 + 20*p**2 + 71*p - 65. Determine v(23).
-19
Let u(p) = 40*p**2 + 13162*p + 660. Give u(-329).
2
Let l(f) = 1107*f + 660. Give l(-1).
-447
Let f(s) = s**2 - s - 281. Calculate f(-16).
-9
Let v(c) = -82*c - 73. Calculate v(-1).
9
Let b(a) = 23*a - 17. What is b(-6)?
-155
Let j(g) = 189*g + 7766. Give j(-41).
17
Let v(h) = -131*h + 2386. Determine v(19).
-103
Let d(w) = -w**3 - 10*w**2 + 202*w + 2099. What is d(-11)?
-2
Let o(p) = -p**3 + 6*p**2 + 2*p - 29. Calculate o(9).
-254
Let c(g) = 5*g**3 + 61*g**2 + 17*g + 59. What is c(-12)?
-1
Let v(k) = 35*k + 137. What is v(-10)?
-213
Let f(i) = -36*i**2 + 6*i - 8. What is f(3)?
-314
Let d(n) = -2*n**2 + 22*n + 99. Give d(-5).
-61
Let p(j) = 9*j**3 - 5*j**2 - 13*j - 10. Give p(-2).
-76
Let b(n) = -n**3 + 14*n**2 - 6*n - 19. Determine b(12).
197
Let q(r) = r**2 - 26*r + 159. Calculate q(17).
6
Let z(g) = 3*g**3 + 50*g**2 - 23*g - 99. Calculate z(-17).
3
Let v(x) = 42*x - 1429. Determine v(35).
41
Let o(d) = -d**3 - 65*d**2 + 4*d + 253. What is o(-65)?
-7
Let l(n) = 2*n**2 - 12*n - 45. Give l(13).
137
Let o(d) = 581*d - 3672. Determine o(7).
395
Let n(w) = 2*w**3 - 24*w**2 + 6*w + 143. What is n(11)?
-33
Let f(d) = -3398*d + 23757. Determine f(7).
-29
Let t(v) = -v**2 + 701*v - 83445. What is t(152)?
3
Let n(k) = -386*k**3 - 5*k + 5. Give n(1).
-386
Let r(a) = 76*a - 414. What is r(14)?
650
Let j(w) = 2*w**3 + 8*w**2 - 8*w - 21. Give j(-4).
11
Let v(f) = -f**3 + 40*f**2 - 2*f + 259. Give v(40).
179
Let f(r) = 221*r + 4202. Give f(-19).
3
Let n(l) = 3*l**3 - 45*l**2 + 4*l - 71. Calculate n(15).
-11
Le